)/(-2) - (-8)/(-16). What is the highest common factor of 10 and i?
10
Let w = 4 + -2. Suppose 4*s + 18 = -5*l, -2*l + w*s - 11 = 7. Let v be -2*-2*(-3)/l. Calculate the greatest common factor of 3 and v.
1
Let j = 47 - 40. Let o = -21 + 77. What is the greatest common divisor of j and o?
7
Let f(x) = -3 + 0 + 6 + x - 3*x. Let t be f(-4). Let s be 102/2 + 2 + 2. What is the highest common divisor of t and s?
11
Let p = 53 + -28. Calculate the highest common factor of 10 and p.
5
Let w = -8 + 3. Let t be -2*6*w/(-4). Let j = -10 - t. What is the greatest common divisor of j and 5?
5
Suppose 0 = -s - 0*s + 4, s + 11 = 3*k. Suppose 0*m - m + 3*j + 8 = 0, -k*j + 24 = 3*m. What is the greatest common divisor of 32 and m?
8
Suppose 0 = 4*y - 3*y - 42. Let l(u) = -3*u + 7. Let h be l(-7). Calculate the highest common factor of h and y.
14
Let q(c) = 30*c. Let t be q(2). What is the greatest common divisor of t and 15?
15
Let l be (-2)/8 + (-657)/(-36). What is the highest common divisor of l and 72?
18
Let f be ((-3)/9)/(2/(-162)). Let d(b) = 4*b + 1. Let l be d(2). What is the highest common divisor of f and l?
9
Suppose -2*a - 2 + 10 = 0. Suppose 0 = -a*j + j. Suppose 3*v - i + 2*i - 48 = j, -v + 4*i = -3. What is the greatest common factor of v and 5?
5
Let n(w) = -w**3 - 5*w**2 - 7*w - 6. Let v be n(-6). Let i = 6 - -12. What is the highest common divisor of v and i?
18
Suppose -r - 4*n = 0, 0*r + 2*n - 2 = -r. Calculate the greatest common divisor of r and 16.
4
Let o = -15 - -70. Calculate the greatest common divisor of o and 5.
5
Let w(u) = -u - 1. Let l be w(-4). Let d be 26 + (-1)/(l/12). Calculate the greatest common divisor of 2 and d.
2
Suppose 5*y + 288 = 6*y. Let k = y - 99. Calculate the greatest common factor of 27 and k.
27
Let z(k) = -k - 9. Let g be z(-12). Suppose -2*m + 4 = 3*f - 16, -g*m = 6. Calculate the highest common factor of 24 and f.
8
Suppose -3*w = 5*y - 160, -2*y - 170 = -5*w + 45. What is the greatest common factor of w and 30?
15
Let r = 14 + -11. What is the greatest common factor of 9 and r?
3
Suppose 0 = 2*z + z + 2*o - 89, 2*z - 34 = 5*o. Calculate the highest common divisor of z and 3.
3
Let g = 13 - -32. Suppose g = -0*d + 3*d. What is the highest common factor of d and 60?
15
Suppose -5*k - 2*j + 60 = -105, 165 = 5*k - 3*j. Suppose 4*t - 39 = k. What is the highest common divisor of 12 and t?
6
Let a = -7 - -11. Let b = 22 - a. Let l be 8 + 1 + (-6 - -9). Calculate the greatest common factor of l and b.
6
Let i be 680/(-4)*(-9)/(135/12). Calculate the highest common divisor of i and 17.
17
Let s = -63 + 89. Calculate the highest common divisor of 39 and s.
13
Suppose 11 + 64 = 5*o. What is the highest common divisor of o and 120?
15
Let u be (142 - -2) + 2/(-2) + 1. Calculate the highest common divisor of u and 96.
48
Suppose 2*j = 4*l - 182, -3*j + 19 = 4*l - 188. Let p = 221 + -149. Calculate the highest common divisor of p and l.
24
Let k be 2/(0 - (-4)/222). What is the greatest common factor of 37 and k?
37
Let l be 29 - 4 - (2 + -3). Suppose 2*r + 299 = -159. Let x = 437 + r. Calculate the highest common factor of l and x.
26
Let m = -9 - -12. Calculate the greatest common factor of m and 2.
1
Suppose -4*n = j - 531, -3*j + 2*j = -3. Suppose -3*t - t = -48. What is the highest common factor of n and t?
12
Suppose -24 = -3*j + 2*o + 40, 70 = 3*j + 4*o. What is the greatest common factor of 55 and j?
11
Let k = -21 + 33. Suppose h - 5*u + 0 + 13 = 0, -3*h + k = 2*u. What is the highest common factor of h and 22?
2
Let r = 0 + 4. Let h = -206 + 216. Calculate the greatest common divisor of h and r.
2
Suppose -4*j + 16 = m - 3*j, -j - 6 = -m. Suppose 0 = k - 31 - 24. Calculate the highest common factor of k and m.
11
Let y(s) = 11*s**2 + 4. Suppose -12 - 13 = 5*n. Let k be y(n). Calculate the highest common divisor of k and 31.
31
Let b(h) = -h**2 - 10*h - 7. Suppose 4 - 40 = 5*n - 4*v, 0 = 5*n - 2*v + 38. Let g be b(n). Calculate the greatest common factor of 1 and g.
1
Suppose -1 = 3*j + 5. Let w = 4 + j. Calculate the highest common factor of 4 and w.
2
Suppose 5*j = -4*i - 2, -4*i = -2*i - 5*j - 14. Let c(u) = -12*u + 6. Let x be c(9). Let z be x/(-4) + i/4. Calculate the highest common divisor of 39 and z.
13
Let h(d) = d**2 + d - 4. Suppose 15 = 3*u - 8*u. Let f = -7 - u. Let x be h(f). Calculate the highest common factor of 2 and x.
2
Let k = 24 + -6. What is the highest common factor of k and 162?
18
Suppose 2*g - 154 + 26 = 0. Suppose -3*k - g = -4*k. Let d be (-3 - (-2)/1) + k. Calculate the highest common factor of 7 and d.
7
Let k = -6 - -65. Let n = k + -17. What is the greatest common factor of 105 and n?
21
Let y be (-8)/20 - (-26)/(-10). Let l(w) = 9*w**2 + 4. Let h be l(y). Let i(b) = 17*b. Let z be i(1). Calculate the greatest common factor of h and z.
17
Suppose -2*z = -5*z + 21. Let u(b) = 13*b**2 - b - 1. Let f be u(2). Calculate the highest common divisor of z and f.
7
Let q be (-14)/(-21) + 334/3. What is the highest common factor of 14 and q?
14
Let p = 26 - 15. Suppose -4*g + 4 = -84. What is the highest common divisor of p and g?
11
Suppose -19 = -3*b + 422. What is the highest common divisor of 21 and b?
21
Suppose s + 4 = 3, -5*r = -3*s + 77. Let f = r + 39. What is the greatest common factor of 69 and f?
23
Suppose 15*g - 175 = 10*g. What is the highest common divisor of g and 14?
7
Let b be 9/15 + (-74)/(-10). Let x(k) = -3*k**3 + k**3 - 2 - 5*k**2 + 3*k**3 + 2*k. Let f be x(5). What is the highest common divisor of f and b?
8
Suppose -189 = 4*y + 99. Let m(t) = -9*t - 4. Let i be m(4). Let l = i - y. What is the highest common divisor of l and 4?
4
Let c = 312 - 207. Let z be (-20)/6*c/(-14). What is the greatest common factor of z and 10?
5
Suppose -2*t = 3*b - 79, -2*t + 3*t + 1 = 0. Calculate the greatest common divisor of 54 and b.
27
Suppose 6*c - 3*c = 12. Let u be (-3)/(-5) - (-471)/15. Calculate the highest common factor of u and c.
4
Suppose 4*r - 4*g - g = 124, 5*g + 72 = 2*r. Suppose -44 = -z + 21. What is the greatest common factor of r and z?
13
Let b be (308/6)/((-5)/(-15)). Suppose 2*i = 5*j - 70, i - 40 = -5*j + 30. Calculate the highest common factor of j and b.
14
Suppose 2*g + 2 = 6. Let t be 0 - (1*-13 + g). Calculate the greatest common factor of t and 121.
11
Let y(w) = w**3 - 12*w**2 - 2*w + 28. Let d be y(12). Calculate the highest common factor of d and 7.
1
Let t = -2 - -28. Calculate the highest common divisor of 39 and t.
13
Suppose -2*q + 34 = -i - 4*i, -15 = 5*q. Let p be (-2)/i - (-83)/4. Calculate the highest common divisor of p and 231.
21
Suppose 0 = -5*h - 5*c + 385, -3*h = -c - 3*c - 196. Suppose 7*b - 5*b - h = 0. What is the greatest common factor of b and 24?
12
Let a(i) = i + 6. Let g be a(-5). Suppose -t = -g - 5. Let s(l) = 2*l**3 - l**2 - 3*l + 6. Let c be s(2). Calculate the greatest common factor of c and t.
6
Suppose o = -2*o + 252. Let q(i) = -4*i + 1. Let b be q(-5). What is the highest common factor of b and o?
21
Let x be -1 + (-1)/(1/(-5)). Suppose 4*h - 5*s + s = 108, 0 = h - 4*s - 24. What is the greatest common divisor of x and h?
4
Let c(h) = h**2. Let p be c(3). Suppose a - 3 = -2*a. What is the highest common factor of p and a?
1
Let w(g) = -g**2 + 7*g - 9. Suppose 5*r - 24 = d, 4*r = 2*d - 6 + 24. Let n be w(r). Let z = -5 - -13. Calculate the highest common factor of n and z.
1
Let x(v) = 2*v**2 - 4*v + 3. Let i be x(5). What is the highest common divisor of 22 and i?
11
Let t = 37 + -5. What is the greatest common divisor of t and 8?
8
Let t be -2 + -127*(4 + -5). Calculate the greatest common factor of 25 and t.
25
Let o = 1 + 0. Suppose -2*f + 21 = o. Let m = 556 + -466. Calculate the greatest common factor of m and f.
10
Let b = -13 + 24. Calculate the greatest common factor of 11 and b.
11
Suppose 418 = p + 4*p - 2*b, 3*p - 254 = -2*b. Calculate the greatest common divisor of 12 and p.
12
Let j = 6 - -6. What is the greatest common factor of j and 84?
12
Suppose -4*s = 4*w - 3 - 73, 0 = s + 3*w - 25. Calculate the greatest common divisor of 128 and s.
16
Let o = 65 - 49. Calculate the greatest common factor of o and 176.
16
Suppose 2 - 5 = -h. Let w(r) = 2 + 2*r**3 - 8*r**2 + 1 - h*r**3 + 0*r + 7*r. Let a be w